f 5365948647.
3, 1788649549
List the prime factors of 3074702436.
2, 3, 13, 19, 79, 1459
List the prime factors of 712277769.
3, 7, 89, 54443
What are the prime factors of 32565547?
7, 664603
List the prime factors of 329802255.
3, 5, 7328939
What are the prime factors of 495658860?
2, 3, 5, 487, 16963
What are the prime factors of 258060408?
2, 3, 17, 632501
List the prime factors of 909507172.
2, 7, 32482399
What are the prime factors of 39730044?
2, 3, 3310837
List the prime factors of 170689713.
3, 593, 95947
What are the prime factors of 13789897?
11, 1253627
What are the prime factors of 680964669?
3, 7, 11, 982633
What are the prime factors of 1542048071?
12073, 127727
List the prime factors of 28151636.
2, 7037909
List the prime factors of 4793557315.
5, 7507, 127709
What are the prime factors of 11355081?
3, 59, 64153
List the prime factors of 906016731.
3, 4229, 71413
What are the prime factors of 5526233355?
3, 5, 271, 1359467
What are the prime factors of 110698207?
47, 463, 5087
List the prime factors of 4638961868.
2, 4673, 248179
List the prime factors of 1939168112.
2, 7, 47, 389, 947
What are the prime factors of 5630293070?
2, 5, 17, 199, 166429
List the prime factors of 15523409.
11, 1411219
What are the prime factors of 148286076?
2, 3, 12357173
List the prime factors of 403130706.
2, 3, 11, 23, 265567
What are the prime factors of 338045617?
7, 13, 179, 20753
List the prime factors of 137758363.
37, 47, 2141
What are the prime factors of 123835281?
3, 587, 70321
What are the prime factors of 1180100406?
2, 3, 1381, 142421
List the prime factors of 405647608.
2, 17, 151, 19753
List the prime factors of 6173100.
2, 3, 5, 19
List the prime factors of 384152918.
2, 192076459
List the prime factors of 43437196.
2, 11, 987209
What are the prime factors of 438797390?
2, 5, 43879739
What are the prime factors of 849566605?
5, 1787, 95083
List the prime factors of 380372131.
197, 1930823
What are the prime factors of 285935036?
2, 17, 43, 97789
What are the prime factors of 174174933?
3, 58058311
List the prime factors of 79084985.
5, 7, 2259571
List the prime factors of 446498310.
2, 3, 5, 23, 647099
What are the prime factors of 135466314?
2, 3, 19, 47, 131, 193
What are the prime factors of 2569269291?
3, 856423097
What are the prime factors of 59089287?
3, 2441, 8069
List the prime factors of 272554009.
7, 13, 2995099
List the prime factors of 399806775.
3, 5, 509, 3491
List the prime factors of 553411295.
5, 223, 496333
What are the prime factors of 30105231?
3, 13, 233, 3313
List the prime factors of 72677178.
2, 3, 7, 67, 8609
List the prime factors of 819647152.
2, 51227947
What are the prime factors of 396230379?
3, 167, 790879
List the prime factors of 34392946.
2, 7, 2456639
List the prime factors of 603814735.
5, 120762947
List the prime factors of 1475544852.
2, 3, 17, 23, 104827
What are the prime factors of 69080456?
2, 8635057
List the prime factors of 1231737770.
2, 5, 37, 1609, 2069
List the prime factors of 295692484.
2, 1229, 60149
What are the prime factors of 505680891?
3, 863, 195319
What are the prime factors of 717814816?
2, 61, 367733
What are the prime factors of 2507209163?
19, 41, 73, 44089
What are the prime factors of 16903497?
3, 13, 67, 6469
What are the prime factors of 407340574?
2, 8629, 23603
List the prime factors of 10157445.
3, 5, 225721
List the prime factors of 2513614466.
2, 11, 997, 114599
List the prime factors of 123523306.
2, 131, 337, 1399
List the prime factors of 281027618.
2, 43, 3267763
List the prime factors of 114226273.
7, 29, 562691
What are the prime factors of 4404735400?
2, 5, 13, 1694129
What are the prime factors of 540658340?
2, 5, 661, 40897
What are the prime factors of 1111739020?
2, 5, 7, 19, 417947
What are the prime factors of 51565605?
3, 5, 7, 13, 37, 1021
List the prime factors of 27504615.
3, 5, 29, 53, 1193
What are the prime factors of 2704396707?
3, 100162841
What are the prime factors of 3441263001?
3, 11, 3499, 29803
List the prime factors of 1418926073.
41, 101, 342653
List the prime factors of 209887649.
239, 878191
What are the prime factors of 3793347760?
2, 5, 127, 373361
List the prime factors of 81962200.
2, 5, 19, 21569
What are the prime factors of 66042334?
2, 33021167
List the prime factors of 27111607.
29, 934883
List the prime factors of 435374000.
2, 5, 217687
What are the prime factors of 28934010?
2, 3, 5, 7
What are the prime factors of 259574272?
2, 181, 2801
What are the prime factors of 22562502?
2, 3, 17, 221201
List the prime factors of 74487277.
19, 3920383
What are the prime factors of 2111683230?
2, 3, 5, 293, 26693
List the prime factors of 984373974.
2, 3, 37, 43, 929
What are the prime factors of 64327472?
2, 11, 149, 223
List the prime factors of 5457864134.
2, 383, 1567, 4547
List the prime factors of 165423927.
3, 55141309
What are the prime factors of 7860495237?
3, 7, 827, 452611
What are the prime factors of 766319226?
2, 3, 127719871
What are the prime factors of 1292006237?
1511, 855067
List the prime factors of 120991113.
3, 47, 103, 2777
What are the prime factors of 8765176?
2, 7, 156521
What are the prime factors of 878346442?
2, 61, 7199561
List the prime factors of 100387573.
11, 13, 702011
List the prime factors of 282401948.
2, 2069, 34123
What are the prime factors of 5222572933?
293, 17824481
List the prime factors of 162960207.
3, 19, 2858951
What are the prime factors of 189012289?
661, 285949
List the prime factors of 963610323.
3, 13, 23, 1074259
What are the prime factors of 402621132?
2, 3, 17, 1973633
List the prime factors of 3706371039.
3, 7, 71, 269, 9241
What are the prime factors of 259159556?
2, 97, 281, 2377
What are the prime factors of 45470482?
2, 22735241
List the prime factors of 189655627.
7, 41, 67, 1409
What are the prime factors of 829731398?
2, 414865699
List the prime factors of 1057281723.
3, 117475747
What are the prime factors of 115098507?
3, 83, 154081
What are the prime factors of 307107381?
3, 7, 317, 46133
What are the prime factors of 167108032?
2, 7, 13, 4099
What are the prime factors of 104482050?
2, 3, 5, 696547
List the prime factors of 5013390587.
31, 161722277
What are the prime factors of 39183098?
2, 19591549
List the prime factors of 526724808.
2, 3, 21946867
What are the prime factors of 576405574?
2, 59, 4884793
What are the prime factors of 543502648?
2, 13, 17, 107
What are the prime factors of 1363832771?
7, 23, 67, 126433
What are the prime factors of 260886778?
2, 37, 3525497
What are the prime factors of 517753145?
5, 7, 13, 1137919
List the prime factors of 170977336.
2, 21372167
List the prime factors of 508939081.
7, 17, 4276799
What are the prime factors of 1594089395?
5, 127, 601, 4177
What are the prime factors of 369404926?
2, 11, 16791133
List the prime factors of 875749740.
2, 3, 5, 53, 275393
List the prime factors of 242956137.
3, 67, 131, 9227
List the prime factors of 1670782053.
3, 14851, 37501
List the prime factors of 547741523.
7, 79, 131, 7561
What are the prime factors of 51519290?
2, 5, 5151929
What are the prime factors of 58910447?
31, 1900337
List the prime factors of 28992679.
2137, 13567
List the prime factors of 40018114.
2, 23, 869959
What are the prime factors of 212661302?
2, 7, 31, 490003
What are the prime factors of 2602859478?
2, 3, 433809913
What are the prime factors of 4098997994?
2, 7, 13, 83, 20873
List the prime factors of 7027683553.
11, 638880323
What are the prime factors of 192468065?
5, 38493613
List the prime factors of 1998374535.
3, 5, 44408323
What are the prime factors of 130789273?
43, 3041611
What are the prime factors of 245055011?
245055011
List the prime factors of 7202665451.
17, 97, 643, 6793
What are the prime factors of 711908726?
2, 355954363
What are the prime factors of 860621339?
79, 661, 16481
List the prime factors of 23285088.
2, 3, 233, 347
What are the prime factors of 398805153?
3, 132935051
List the prime factors of 2012402512.
2, 125775157
List the prime factors of 39885596.
2, 43, 231893
List the prime factors of 40822669.
157, 260017
List the prime factors of 282791720.
2, 5, 59, 119827
What are the prime factors of 108650505?
3, 5, 23, 31, 10159
List the prime factors of 154233849.
3